{"id":104,"date":"2008-09-15T19:55:45","date_gmt":"2008-09-15T17:55:45","guid":{"rendered":"http:\/\/www.bobbb.de\/?page_id=104"},"modified":"2009-11-15T00:42:05","modified_gmt":"2009-11-14T22:42:05","slug":"gewerke","status":"publish","type":"page","link":"https:\/\/www.bobbb.de\/?page_id=104","title":{"rendered":"Gewerke"},"content":{"rendered":"<p>Gewerke sind das goldene Kalb der Baubranche. Das gilt f\u00fcr Hoch- und Tiefbau und ist f\u00fcr den Laien manchmal schwer verst\u00e4ndlich. Ein Gewerk ist eine klar abgegrenzte Leistung und bedeutet, dass ein Handwerker bloss nicht zu viel machen soll. Die Gewerkedenke ist das Gegenteil des polnischen Allrounders. Dieser legt Ihnen z.B. einen neuen Fu\u00dfboden, tapeziert noch gleich die W\u00e4nde mit, legt ein paar neue Steckdosen, h\u00e4ngt die Lampe auf und kocht noch einen Eintopf f\u00fcr die Einweihungsfeier. In Gewerke getrennt haben sie da mindestens ein Dutzend Leute im Haus und jeder passt auf, dass er bloss nicht zu viel macht.<\/p>\n<p>Aufgabe der Klemmbretttr\u00e4ger ist es, die Gewerkewurschtelei zu koordinieren.<\/p>\n<p>Ich vermute mal folgende Reihenfolge bei einem kleinen Loch im Gehweg.<\/p>\n<ul>\n<li>Schilder werden diskutiert und entworfen<\/li>\n<li>Schildermaler werden beauftragt<\/li>\n<li>BAS kommt und geht<\/li>\n<li>Schilderanbringer kommt und geht<\/li>\n<li>Gehwegplattenhochnehmer kommen und gehen<\/li>\n<li>Aufbuddler kommt und geht<\/li>\n<li>Verbuddler f\u00fcr irgendein Gewerk (Elektro, Telefon, Wasser, was auch immer) kommt und geht<\/li>\n<li>Zubuddler kommt und geht<\/li>\n<li>Gehwegplattenverleger kommt und geht<\/li>\n<li>Schilderwegnehmer kommt und geht<\/li>\n<li>BAS holt die Barken ab oder auch nicht<\/li>\n<li>KBT kommt und guckt ob alles in Ordnung ist<\/li>\n<\/ul>\n<p>Wir wir sehen, es ist nicht einfach.<\/p>\n","protected":false},"excerpt":{"rendered":"<p>Gewerke sind das goldene Kalb der Baubranche. Das gilt f\u00fcr Hoch- und Tiefbau und ist f\u00fcr den Laien manchmal schwer verst\u00e4ndlich. Ein Gewerk ist eine klar abgegrenzte Leistung und bedeutet, dass ein Handwerker bloss nicht zu viel machen soll. Die Gewerkedenke ist das Gegenteil des polnischen Allrounders. Dieser legt Ihnen z.B. einen neuen Fu\u00dfboden, tapeziert [&hellip;]<\/p>\n","protected":false},"author":1,"featured_media":0,"parent":0,"menu_order":3,"comment_status":"open","ping_status":"open","template":"","meta":{"footnotes":""},"_links":{"self":[{"href":"https:\/\/www.bobbb.de\/index.php?rest_route=\/wp\/v2\/pages\/104"}],"collection":[{"href":"https:\/\/www.bobbb.de\/index.php?rest_route=\/wp\/v2\/pages"}],"about":[{"href":"https:\/\/www.bobbb.de\/index.php?rest_route=\/wp\/v2\/types\/page"}],"author":[{"embeddable":true,"href":"https:\/\/www.bobbb.de\/index.php?rest_route=\/wp\/v2\/users\/1"}],"replies":[{"embeddable":true,"href":"https:\/\/www.bobbb.de\/index.php?rest_route=%2Fwp%2Fv2%2Fcomments&post=104"}],"version-history":[{"count":6,"href":"https:\/\/www.bobbb.de\/index.php?rest_route=\/wp\/v2\/pages\/104\/revisions"}],"predecessor-version":[{"id":822,"href":"https:\/\/www.bobbb.de\/index.php?rest_route=\/wp\/v2\/pages\/104\/revisions\/822"}],"wp:attachment":[{"href":"https:\/\/www.bobbb.de\/index.php?rest_route=%2Fwp%2Fv2%2Fmedia&parent=104"}],"curies":[{"name":"wp","href":"https:\/\/api.w.org\/{rel}","templated":true}]}}