{"id":2,"date":"2008-09-02T19:47:24","date_gmt":"2008-09-02T17:47:24","guid":{"rendered":"http:\/\/www.bobbb.de\/?page_id=2"},"modified":"2008-10-15T13:21:23","modified_gmt":"2008-10-15T11:21:23","slug":"ueber","status":"publish","type":"page","link":"https:\/\/www.bobbb.de\/?page_id=2","title":{"rendered":"Die Intention dieses Blogs"},"content":{"rendered":"<p><strong>Die Vorgeschichte<\/strong><\/p>\n<p>Seit Jahren bastelt die &#8222;\u00f6ffentliche Hand&#8220; am Schwarzen B\u00e4ren zum Wohle der B\u00fcrger der Stadt Hannover. Die Ergebnisse sind bislang d\u00fcrftig. Zumindest kann ich mich nicht darin erinnern, dass sich durch die bisherigen Bauma\u00dfnahmen irgendetwas verbessert hat.<\/p>\n<ul>\n<li>Der Platz vor der Apotheke wurde als st\u00e4dtebaulicher Geniestreich neu zugepflastert und mit einer Reihe von Pfosten versehen, die schon etliche Radfahrer zu Fall gebracht haben.<\/li>\n<li>Es wurde eine Linksabbiegerspur geschaffen, um das Bauverbrechen der 70er Jahre, das Ihme-Zementrum, besser zu erschlie\u00dfen. Einfallsreiche Investoren wollen es Linden-Park nennen, was die Sache aber nicht besser macht.<\/li>\n<li>Dazu wurde eine neue Ampel installiert, mit der erstaunliche Radfahrer\/Fu\u00dfg\u00e4ngerstaus erzeugt werden k\u00f6nnen.<\/li>\n<li>Der Verkehr in der Falkenstrasse staut sich nun des \u00f6fteren bis zum Lindener Markt hoch. Dies gab es vor f\u00fcnf Jahren noch nicht.<\/li>\n<li>Zu guter letzt gab es ein l\u00e4cherliches Theater um die Frage, wer nun noch ein paar Euro f\u00fcr ein kleine B\u00e4renskulptur \u00fcbrig hat. Armes Hannover.<\/li>\n<\/ul>\n<p><strong>Der Br\u00fcckenbau<\/strong><\/p>\n<p>Nun werden wir Hannoveraner B\u00fcrger laut Infotafel bis zum Oktober 2011 mit der Baustelle zum Neubau der Benno-Ohnesorg-Br\u00fccke begl\u00fcckt. In kontroversen Diskussionen im Vorfeld \u00fcber diese angeblich unvermeidbare Hochwasserschutzma\u00dfnahme haben sich Ratsherren durch Papiere mit komplizierten wasserbautechnischen Wahrscheinlichkeitsrechnungen gew\u00fchlt, die vermutlich keiner richtig verstanden hat. Aber als Ratsherr oder Ratsfrau muss man irgendwann die Hand heben, und sie wurde eben f\u00fcr diesen Neubau gehoben.<\/p>\n<p><strong>Die \u00dcstra und ihr Hochbahnsteig<\/strong><\/p>\n<p>Als kr\u00f6nenden Abschlu\u00df wird die \u00dcstra einen Hochbahnsteig auf die Br\u00fccke knistern.<\/p>\n<p><strong>Meine Motivation zum Blog: Man muss das alles mit Argusaugen beobachten.<br \/>\n<\/strong><\/p>\n","protected":false},"excerpt":{"rendered":"<p>Die Vorgeschichte Seit Jahren bastelt die &#8222;\u00f6ffentliche Hand&#8220; am Schwarzen B\u00e4ren zum Wohle der B\u00fcrger der Stadt Hannover. Die Ergebnisse sind bislang d\u00fcrftig. Zumindest kann ich mich nicht darin erinnern, dass sich durch die bisherigen Bauma\u00dfnahmen irgendetwas verbessert hat. Der Platz vor der Apotheke wurde als st\u00e4dtebaulicher Geniestreich neu zugepflastert und mit einer Reihe von [&hellip;]<\/p>\n","protected":false},"author":1,"featured_media":0,"parent":0,"menu_order":1,"comment_status":"open","ping_status":"open","template":"","meta":{"footnotes":""},"_links":{"self":[{"href":"https:\/\/www.bobbb.de\/index.php?rest_route=\/wp\/v2\/pages\/2"}],"collection":[{"href":"https:\/\/www.bobbb.de\/index.php?rest_route=\/wp\/v2\/pages"}],"about":[{"href":"https:\/\/www.bobbb.de\/index.php?rest_route=\/wp\/v2\/types\/page"}],"author":[{"embeddable":true,"href":"https:\/\/www.bobbb.de\/index.php?rest_route=\/wp\/v2\/users\/1"}],"replies":[{"embeddable":true,"href":"https:\/\/www.bobbb.de\/index.php?rest_route=%2Fwp%2Fv2%2Fcomments&post=2"}],"version-history":[{"count":10,"href":"https:\/\/www.bobbb.de\/index.php?rest_route=\/wp\/v2\/pages\/2\/revisions"}],"predecessor-version":[{"id":15,"href":"https:\/\/www.bobbb.de\/index.php?rest_route=\/wp\/v2\/pages\/2\/revisions\/15"}],"wp:attachment":[{"href":"https:\/\/www.bobbb.de\/index.php?rest_route=%2Fwp%2Fv2%2Fmedia&parent=2"}],"curies":[{"name":"wp","href":"https:\/\/api.w.org\/{rel}","templated":true}]}}